{"id":1847,"date":"2023-05-08T07:20:26","date_gmt":"2023-05-08T07:20:26","guid":{"rendered":"https:\/\/peterpodehl.com\/?page_id=1847"},"modified":"2023-05-08T07:22:07","modified_gmt":"2023-05-08T07:22:07","slug":"peter-podehls-antwort","status":"publish","type":"page","link":"https:\/\/webaid.it\/?page_id=1847","title":{"rendered":"Peter Podehls Antwort"},"content":{"rendered":"\n<p>auf eine Nachfrage von Christina, die leider beim L\u00f6schen der alten Webseite verloren ging<br>(2009)<\/p>\n\n\n\n<p>***<\/p>\n\n\n\n<p>Peter Podehl<\/p>\n\n\n\n<p>Nein, eine Mail aus Massachusetts zu den guten alten H\u00d6HLENKINDERN! &#8211; das h\u00e4tte ich mir nicht im Traum einfallen lassen. Erstmal danke.<\/p>\n\n\n\n<p>Ich melde mich aus einem sehr h\u00fcbschen kleinen St\u00e4dtchen auf einem H\u00fcgel kleine 50 Kilometer \u00f6stlich von Rom in den Sabiner Bergen. Da, wo die R\u00f6mer mal die Sabinerinnen klauten. Meine Tochterfamilie hat hier eine sehr h\u00fcbsche Doppelhaush\u00e4lfte mit weitem Blick \u00fcber ein Tal. Und da habe ich eine sehr willkommene Bleibe, nach einigen Witwerjahren in unserem M\u00fcnchner Domizil. Das haben wir gerade verkauft \u2013 ohne Herzschmerz.&nbsp;<\/p>\n\n\n\n<p>Diese Tochter Claudia spielte ja die Eva. Inzwischen ist sie Gro\u00dfmutter, woraus man schlie\u00dfen kann, dass ich Urgro\u00dfvater bin. Ja, mit inzwischen 87 Jahren.<\/p>\n\n\n\n<p>Nein, wir haben nicht in den Dolomiten gedreht. Das war eine mehr interne Absprache zu der Frage, wo denn das \u00fcberhaupt spielt. Da sagten wir: Irgendwo im Grenzgebiet zwischen Italien, \u00d6sterreich und Jugoslawien. Es hatte auch ein bisschen mit der Sprache zu tun, die da gesprochen wurde. Die Partisanen in der ersten Folge sollten auf Jugoslawien schlie\u00dfen lassen. Wieso diese Meinung in die \u00d6ffentlichkeit geraten ist, wei\u00df ich nicht.<\/p>\n\n\n\n<p>So, zur Sache: M\u00fcnchen \u2013 Bad T\u00f6lz (mit dem Bus, &#8211; die Strecke ist sehr sch\u00f6n, aber nur die \u00fcber Stra\u00dflach, Ascholding) \u2013 mit dem Bus weiter zum Sylvensteinspeicher, dann&nbsp; rechts Richtung Wallgau, am Bett der jungen Isar westw\u00e4rts entlang, nicht bis Wallgau, sondern in Vorderriss links nach S\u00fcden ins Karwendelgebirge \u2013 letzter Ort Hinterriss (mit einem Hotel, in dem wir wohnten und in dem Sie vielleicht auch wohnen werden) \u2013 weiter in die Eng. Das erste Ziel. In der Eng nach links weglos aufsteigen, das war der heimliche Grund, da haben wir sehr viel gedreht. Immer, wenn wir durch die Kamera schauten, sagten wir: \u201eA scheens Buildl, a gsunder Fuilm!\u201c Da war auch das Motiv \u201aH\u00f6hle au\u00dfen\u2019: ein nat\u00fcrlicher gro\u00dfer Felsbrocken mit einem Spalt, den wir als Eingang in die H\u00f6hle benutzten. Die \u201aH\u00f6hle innen\u2019 war ein Bau im Atelier der produzierenden Firma Schonger in Inning am Ammersee.<\/p>\n\n\n\n<p>Die ber\u00fchmte Fabrik lag an der Isar zwischen Hinterriss und Wallgau. Ich f\u00fcrchte, die ist abgerissen.<\/p>\n\n\n\n<p>Desgleichen abgerissen Evas Haus, das irgendwo auf freiem Felde stand. Unter Ihrem \u201aEvas Dorf\u2019 kann ich mir kaum was vorstellen. Ach so: Vielleicht das Dorf; in das sie am Ende mit dem Fahrrad fahren. Wei\u00df ich nicht mehr.<\/p>\n\n\n\n<p>Wir haben dann noch in der Valepp gedreht, die geht von Rottach-Egern am Tegernsee nach S\u00fcden, ist \u2013 soweit ich mich erinnere \u2013 ein Wasserlauf.<\/p>\n\n\n\n<p>Zwei kleine Skand\u00e4lchen: Zuschauer regten sich auf \u00fcber den Tod des Gro\u00dfvaters. Das k\u00f6nnte man den Kindern doch nicht zumuten. Dabei ist das eine so r\u00fchrende Szene. Was w\u00fcrden sie heute sagen? Und dann der Flaksoldat, der da ganz am Schluss auftaucht. Das sei f\u00fcr die Kinder zu schrecklich. Nat\u00fcrlich ist das ein Brocken, aber es geht doch sehr gut aus. Wiederum gefragt: Was w\u00fcrden sie heute sagen? Wo auf allen Kan\u00e4len wie wild geballert wird?<\/p>\n\n\n\n<p>So, nun habe ich mich ganz sch\u00f6n ausgelassen und eingelassen. Ich hoffe, dass ich Ihnen ein wenig Hilfe geleistet habe. Ich sehe Sie schon ins Karwendel tapsen. Vielleicht finden Sie, wie wir, als wir rund f\u00fcnfzehn Jahre nach dem Dreh mit den Enkelinnen dort waren, einen halben Meter Rohfilm. Der konnte nur vom Dreh der H\u00d6HLENKINDER stammen. Dazu w\u00fcnsche ich Ihnen alles Gute! Ihr<\/p>\n\n\n\n<p><\/p>\n\n\n\n<p class=\"has-text-align-right\">\u00a0\u00a0 \u00a0 \u00a0 \u00a0 \u00a0 \u00a0 \u00a0 \u00a0 \u00a0 \u00a0 \u00a0 \u00a0 \u00a0 \u00a0 \u00a0 \u00a0 \u00a0 \u00a0 \u00a0 \u00a0 \u00a0 \u00a0 \u00a0 \u00a0 \u00a0 \u00a0 \u00a0 \u00a0 \u00a0 \u00a0 \u00a0 \u00a0 \u00a0 \u00a0 \u00a0 Peter Podehl<br>2009<\/p>\n\n\n\n<p class=\"has-text-align-left\"><br><br>Nochwas: Erwarten Sie nicht zu viel. Es steht zu bef\u00fcrchten, dass diese Drehorte wenig vom Charme der Sendungen vermitteln. Sie haben ja wohl \u00c4hnliches an der Via Appia erlebt.<\/p>\n","protected":false},"excerpt":{"rendered":"<p>auf eine Nachfrage von Christina, die leider beim L\u00f6schen der alten Webseite verloren ging(2009) *** Peter Podehl Nein, eine Mail aus Massachusetts zu den guten alten H\u00d6HLENKINDERN! &#8211; das h\u00e4tte ich mir nicht im Traum einfallen lassen. Erstmal danke. Ich melde mich aus einem sehr h\u00fcbschen kleinen St\u00e4dtchen auf einem H\u00fcgel kleine 50 Kilometer \u00f6stlich [&hellip;]<\/p>\n","protected":false},"author":1,"featured_media":0,"parent":243,"menu_order":12,"comment_status":"closed","ping_status":"closed","template":"","meta":{"footnotes":""},"class_list":["post-1847","page","type-page","status-publish","hentry"],"_links":{"self":[{"href":"https:\/\/webaid.it\/index.php?rest_route=\/wp\/v2\/pages\/1847","targetHints":{"allow":["GET"]}}],"collection":[{"href":"https:\/\/webaid.it\/index.php?rest_route=\/wp\/v2\/pages"}],"about":[{"href":"https:\/\/webaid.it\/index.php?rest_route=\/wp\/v2\/types\/page"}],"author":[{"embeddable":true,"href":"https:\/\/webaid.it\/index.php?rest_route=\/wp\/v2\/users\/1"}],"replies":[{"embeddable":true,"href":"https:\/\/webaid.it\/index.php?rest_route=%2Fwp%2Fv2%2Fcomments&post=1847"}],"version-history":[{"count":5,"href":"https:\/\/webaid.it\/index.php?rest_route=\/wp\/v2\/pages\/1847\/revisions"}],"predecessor-version":[{"id":4191,"href":"https:\/\/webaid.it\/index.php?rest_route=\/wp\/v2\/pages\/1847\/revisions\/4191"}],"up":[{"embeddable":true,"href":"https:\/\/webaid.it\/index.php?rest_route=\/wp\/v2\/pages\/243"}],"wp:attachment":[{"href":"https:\/\/webaid.it\/index.php?rest_route=%2Fwp%2Fv2%2Fmedia&parent=1847"}],"curies":[{"name":"wp","href":"https:\/\/api.w.org\/{rel}","templated":true}]}}