{"id":2557,"date":"2024-02-28T16:39:25","date_gmt":"2024-02-28T16:39:25","guid":{"rendered":"https:\/\/peterpodehl.com\/?page_id=2557"},"modified":"2024-05-15T14:46:41","modified_gmt":"2024-05-15T14:46:41","slug":"spencerenkel-max","status":"publish","type":"page","link":"https:\/\/webaid.it\/?page_id=2557","title":{"rendered":"SpencerEnkel Maxi"},"content":{"rendered":"\n<h2 class=\"wp-block-heading has-text-align-center\">SpencerEnkel <\/h2>\n\n\n\n<h2 class=\"wp-block-heading has-text-align-center\">Maxi<\/h2>\n\n\n\n<p>Spencer-Enkel Maximilian Jobelius (20)<br>Mit drei oder vier Jahren konnte ich meinen Vater davon \u00fcberzeugen, mir eine Spencer-Puppe im Shop der damals noch recht frisch er\u00f6ffneten Spencer-Show im Heide Park zu kaufen, der neben der nachhaltigen Faszination f\u00fcr HALLO SPENCER den gro\u00dfen Wunsch ausl\u00f6ste, einmal selber Puppenspieler zu werden. Am liebsten nat\u00fcrlich bei Spencer! Dass die Sendung damals schon seit einigen Jahren nicht mehr produziert wurde, wusste ich nat\u00fcrlich nicht.<br>Als ich dann zum ersten Mal durch einen Making-of Film und einige Fotos einen Eindruck davon bekam, was unter der Spielleiste im Studio Hamburg geschah, wurde dieser Wunsch nur noch best\u00e4rkt. Nicht zuletzt befl\u00fcgelt von der ansteckenden Spielfreude der Puppenspieler*innen, Podehls fein pointierten Geschichten und den kunstvoll gebauten Figuren habe ich fr\u00fch begonnen, eigene Puppen zu bauen und produziere nun seit rund zwei Jahren mit meinem knubbelnasigen Freund Knut Videos f\u00fcr seinen <a href=\"https:\/\/www.youtube.com\/@KnutFingerhut\">YouTube Kanal Knut Fingerhut<\/a>.<br>Angetrieben von den ersten kribbelnden Einblicken in das Podehl-Archiv im r\u00f6mischen Keller, entstehen gerade erste Entw\u00fcrfe f\u00fcr ein neues Projekt, das auf altes aufbauen und gleichzeitig neue Geschichten entstehen lassen soll.<\/p>\n\n\n\n<p><\/p>\n\n\n\n<p><a href=\"https:\/\/webaid.it\/?page_id=2396\">Spencers Enkelgeschichten<\/a><\/p>\n\n\n\n<p><a href=\"https:\/\/webaid.it\/?page_id=2419\">Peter Podehl, der Spencer-Geschichtenerz\u00e4hler<\/a><\/p>\n\n\n\n<p><a href=\"https:\/\/webaid.it\/?page_id=2811\">Peter Podehls Drehb\u00fccher<\/a><br>und seine Aufzeichnungen hierzu<\/p>\n\n\n\n<p><a href=\"https:\/\/webaid.it\/?page_id=2694\">Die Drehb\u00fccher eines Komikers<\/a><br>Grundsatzanweisungen an die Puppenspieler \u2013 zu den Folgen \u201cViele W\u00fcnsche\u201d, \u201cGummib\u00e4rchen-Transporte\u201d, \u201cGro\u00dfes Aufr\u00e4umen\u201d und \u201cEinsamkeit\u201d und alle anderen Folgen<br>September 1980<\/p>\n\n\n\n<p><a href=\"https:\/\/webaid.it\/?page_id=2799\" data-type=\"page\" data-id=\"2799\">Zu den Drehb\u00fcchern eines Komikers<\/a><br>von SpencerEnkel Jannik Graf &#8211; der wei\u00df viel<\/p>\n\n\n\n<p><a href=\"https:\/\/webaid.it\/?page_id=2804\">Mut zur Arbeit<\/a><br>erste Aufzeichnungen zu den Folgen \u201cGesundheit\u201d und \u201cGaly und die Katastrophe\u201d<br>Januar 1981<\/p>\n\n\n\n<p><a href=\"https:\/\/webaid.it\/?page_id=2871\">SpencerEnkel Maxens Gedanken zu Podehls Gedanken<\/a><br>von SpencerEnkel Max zu Podehls ersten Aufzeichnungen zu den Folgen \u201cGesundheit\u201d und \u201cGaly und die Katastrophe\u201d<\/p>\n\n\n\n<p><a href=\"https:\/\/webaid.it\/?page_id=614\">Der Sprachaufpasser f\u00fcrs Deutsche und Puppenpoesie<\/a><br>Peter Podehls Pr\u00e4sentation<br>an der Dolmetscher- und \u00dcbersetzer-Universit\u00e4t S.Pio V in Rom<br>von 2006<br>Da gibt\u2019s viel Wortspielereien und auch einen Bericht dar\u00fcber, mit wem er die Folgen absprach, bevor er sie schrieb.<\/p>\n\n\n\n<p>Wie alles anfing:<br><a href=\"https:\/\/webaid.it\/?page_id=2408\">Lorenz Claussen berichtet vom TamS-Theater-Quatsch<\/a><\/p>\n\n\n\n<p><a href=\"https:\/\/webaid.it\/?page_id=2722\">Die Puppenspieler berichten<\/a><\/p>\n\n\n\n<p><a href=\"https:\/\/webaid.it\/?page_id=2416\">Klaus Naeve berichtet, wie Spencer von Charlotte gestreichelt wurde<\/a><\/p>\n\n\n\n<p>Armin Maiwald erz\u00e4hlt die&nbsp;<br><a href=\"https:\/\/webaid.it\/?page_id=2456\">Sache mit dem Du und \u201cMacht doch, was ihr wollt\u201d<\/a><\/p>\n\n\n\n<p><a href=\"https:\/\/webaid.it\/?page_id=2563\">Die SpencerEnkel stellen sich vor<\/a>:<\/p>\n\n\n\n<p><a href=\"https:\/\/webaid.it\/?page_id=2557\">SpencerEnkel Maxi<\/a>&nbsp;mit&nbsp;<a href=\"https:\/\/www.youtube.com\/@KnutFingerhut\">Knut Fingerhut<\/a><\/p>\n\n\n\n<p><a href=\"https:\/\/webaid.it\/?page_id=2579\">Der SpencerEnkel Janni<\/a><\/p>\n\n\n\n<p><a href=\"https:\/\/webaid.it\/?page_id=2623\">SpencerEnkel Sven<\/a><\/p>\n","protected":false},"excerpt":{"rendered":"<p>SpencerEnkel Maxi Spencer-Enkel Maximilian Jobelius (20)Mit drei oder vier Jahren konnte ich meinen Vater davon \u00fcberzeugen, mir eine Spencer-Puppe im Shop der damals noch recht frisch er\u00f6ffneten Spencer-Show im Heide Park zu kaufen, der neben der nachhaltigen Faszination f\u00fcr HALLO SPENCER den gro\u00dfen Wunsch ausl\u00f6ste, einmal selber Puppenspieler zu werden. Am liebsten nat\u00fcrlich bei Spencer! [&hellip;]<\/p>\n","protected":false},"author":1,"featured_media":0,"parent":2563,"menu_order":3,"comment_status":"closed","ping_status":"closed","template":"","meta":{"footnotes":""},"class_list":["post-2557","page","type-page","status-publish","hentry"],"_links":{"self":[{"href":"https:\/\/webaid.it\/index.php?rest_route=\/wp\/v2\/pages\/2557","targetHints":{"allow":["GET"]}}],"collection":[{"href":"https:\/\/webaid.it\/index.php?rest_route=\/wp\/v2\/pages"}],"about":[{"href":"https:\/\/webaid.it\/index.php?rest_route=\/wp\/v2\/types\/page"}],"author":[{"embeddable":true,"href":"https:\/\/webaid.it\/index.php?rest_route=\/wp\/v2\/users\/1"}],"replies":[{"embeddable":true,"href":"https:\/\/webaid.it\/index.php?rest_route=%2Fwp%2Fv2%2Fcomments&post=2557"}],"version-history":[{"count":8,"href":"https:\/\/webaid.it\/index.php?rest_route=\/wp\/v2\/pages\/2557\/revisions"}],"predecessor-version":[{"id":2895,"href":"https:\/\/webaid.it\/index.php?rest_route=\/wp\/v2\/pages\/2557\/revisions\/2895"}],"up":[{"embeddable":true,"href":"https:\/\/webaid.it\/index.php?rest_route=\/wp\/v2\/pages\/2563"}],"wp:attachment":[{"href":"https:\/\/webaid.it\/index.php?rest_route=%2Fwp%2Fv2%2Fmedia&parent=2557"}],"curies":[{"name":"wp","href":"https:\/\/api.w.org\/{rel}","templated":true}]}}