{"id":3578,"date":"2025-01-29T15:20:06","date_gmt":"2025-01-29T15:20:06","guid":{"rendered":"https:\/\/peterpodehl.com\/?page_id=3578"},"modified":"2025-01-31T06:40:19","modified_gmt":"2025-01-31T06:40:19","slug":"folge-87-claudia-erzahlt","status":"publish","type":"page","link":"https:\/\/webaid.it\/?page_id=3578","title":{"rendered":"Folge 87 &#8211; Claudia erz\u00e4hlt"},"content":{"rendered":"\n<p class=\"has-text-align-center\"><strong>***<\/strong><\/p>\n\n\n\n<h1 class=\"wp-block-heading has-text-align-center\">Folge 87<\/h1>\n\n\n\n<h1 class=\"wp-block-heading has-text-align-center\">Claudia erz\u00e4hlt<\/h1>\n\n\n\n<p class=\"has-text-align-center\">vom F\u00e4denverstechen <br>und <br>vom Schwamm im Haus.<\/p>\n\n\n\n<p class=\"has-text-align-center\"><strong>***<\/strong><\/p>\n\n\n\n<p>Peter Podehls Geschichten sind meist dem wahren Leben entsprungen. Peter und Charlotte hatten alles Ernstes den Schwamm im Keller im Haus in der Aretinstra\u00dfe, und zwar gar nicht so lange bevor er dieses Drehbuch schrieb.<\/p>\n\n\n\n<p>Der Schwamm war sogar ins Erdgescho\u00df vorgedrungen und hatte einen T\u00fcrrahmen mit einem kr\u00e4useligen Gebilde gerankt. Der Keller musste vollkommen ausger\u00e4umt werden und der T\u00fcrrahmen mit ein wenig Mauerwerk drumrum wurden rausgerissen. <br>Das Zeug, was dann da verspr\u00fcht wurde, war so giftig, dass Peter und Charlotte einige Tage nicht im Haus \u00fcbernachten durften. <br>Nat\u00fcrlich gab es dann einen neuen T\u00fcrrahmen mit neuer T\u00fcr. Aber nur weniges von dem ganzen Ger\u00fcmpel aus dem Keller durfte wieder dorthin zur\u00fcck.<\/p>\n\n\n\n<p>So schlimm soll es in einer Kindersendung dann nat\u00fcrlich doch nicht werden. Bei Nepomuks Schwamm m\u00fcssen ja alle Gott sei Dank nur niesen.<\/p>\n\n\n\n<p>Und das F\u00e4den Verstechen? Das tat Charlotte. In M\u00fcnchen hatte sie irgendwann angefangen zu n\u00e4hen, kaufte Papierschnitte, tauschte sich mit Margot, unserer Nachbarin aus, wie das gehen sollte, \u00c4rmel einsetzen? Bald hatte sie es gelernt, n\u00e4hte ihre Kleider selbst  und auch wir bekamen viel Selbstgen\u00e4htes von ihr. Sie hatte eine uralte Singer-N\u00e4hmaschine aus Gusseisen, so wie man sie heute als Dekoration in Schaufenstern sieht. Die konnte nur vorw\u00e4rts n\u00e4hen. Also musste sie die F\u00e4den von Hand fixieren, damit die Naht nicht einfach wieder aufging. Das waren vier F\u00e4den f\u00fcr jede Naht, zwei am Anfang und zwei am Ende. Die Naht war schnell runtergerattert, mit dem F\u00e4denverstechen war Charlotte dagegen lange besch\u00e4ftigt.<br>Sp\u00e4ter kaufte sie sich eine kleine tragbare elektrische N\u00e4hmaschine, die sie \u00fcberallhin mitnahm und die ich heute noch besitze. Dieses Wunderwerk konnte nicht nur vorw\u00e4rts- und r\u00fcckw\u00e4rts, sondern auch zickzack n\u00e4hen. Also auch Knopfl\u00f6cher machen. Welch ein Wunder! Da ging dann alles pl\u00f6tzlich viel schneller.<\/p>\n\n\n\n<p>Soviel zum Schwamm in Nepomuks Schloss und Monas und Lisas F\u00e4den-Verstechen.<\/p>\n\n\n\n<p class=\"has-text-align-right\">\u00a9 Claudia Podehl<\/p>\n\n\n\n<p><em><a href=\"https:\/\/webaid.it\/?page_id=3518\">Folge 87 &#8211; Das Szenarium<\/a><\/em><br><em><a href=\"https:\/\/webaid.it\/?page_id=3441\">Aus dem Leben des ersten Kasi-Spielers Herbert Langemann<\/a><br><\/em><\/p>\n\n\n\n<p><\/p>\n","protected":false},"excerpt":{"rendered":"<p>*** Folge 87 Claudia erz\u00e4hlt vom F\u00e4denverstechen und vom Schwamm im Haus. *** Peter Podehls Geschichten sind meist dem wahren Leben entsprungen. Peter und Charlotte hatten alles Ernstes den Schwamm im Keller im Haus in der Aretinstra\u00dfe, und zwar gar nicht so lange bevor er dieses Drehbuch schrieb. Der Schwamm war sogar ins Erdgescho\u00df vorgedrungen [&hellip;]<\/p>\n","protected":false},"author":1,"featured_media":0,"parent":3572,"menu_order":6,"comment_status":"closed","ping_status":"closed","template":"","meta":{"footnotes":""},"class_list":["post-3578","page","type-page","status-publish","hentry"],"_links":{"self":[{"href":"https:\/\/webaid.it\/index.php?rest_route=\/wp\/v2\/pages\/3578","targetHints":{"allow":["GET"]}}],"collection":[{"href":"https:\/\/webaid.it\/index.php?rest_route=\/wp\/v2\/pages"}],"about":[{"href":"https:\/\/webaid.it\/index.php?rest_route=\/wp\/v2\/types\/page"}],"author":[{"embeddable":true,"href":"https:\/\/webaid.it\/index.php?rest_route=\/wp\/v2\/users\/1"}],"replies":[{"embeddable":true,"href":"https:\/\/webaid.it\/index.php?rest_route=%2Fwp%2Fv2%2Fcomments&post=3578"}],"version-history":[{"count":8,"href":"https:\/\/webaid.it\/index.php?rest_route=\/wp\/v2\/pages\/3578\/revisions"}],"predecessor-version":[{"id":3635,"href":"https:\/\/webaid.it\/index.php?rest_route=\/wp\/v2\/pages\/3578\/revisions\/3635"}],"up":[{"embeddable":true,"href":"https:\/\/webaid.it\/index.php?rest_route=\/wp\/v2\/pages\/3572"}],"wp:attachment":[{"href":"https:\/\/webaid.it\/index.php?rest_route=%2Fwp%2Fv2%2Fmedia&parent=3578"}],"curies":[{"name":"wp","href":"https:\/\/api.w.org\/{rel}","templated":true}]}}