{"id":63,"date":"2022-11-13T17:56:54","date_gmt":"2022-11-13T17:56:54","guid":{"rendered":"https:\/\/peterpodehl.com\/?page_id=63"},"modified":"2026-02-19T10:45:45","modified_gmt":"2026-02-19T10:45:45","slug":"warum-denn-kinderfernsehen","status":"publish","type":"page","link":"https:\/\/webaid.it\/?page_id=63","title":{"rendered":"Warum denn Kinderfernsehen?"},"content":{"rendered":"\n<p class=\"has-text-align-center\">*<\/p>\n\n\n\n<p class=\"has-text-align-center\"><strong>Warum denn Kinderfernsehen?<\/strong><\/p>\n\n\n\n<p class=\"has-text-align-center\"><a href=\"https:\/\/webaid.it\/?page_id=264\">italiano<\/a>|&nbsp;<\/p>\n\n\n\n<p><strong>Schauspieler sind Menschen, die rechtzeitig ein St\u00fcck Kindheit in die Tasche gesteckt haben und ein Leben lang davon zehren. <\/strong>(Max Reinhardt \u2013 aus dem <a rel=\"noreferrer noopener\" href=\"https:\/\/www.youtube.com\/watch?v=pTedeoXNDW4&amp;t=22s\" data-type=\"URL\" data-id=\"https:\/\/www.youtube.com\/watch?v=pTedeoXNDW4&amp;t=22s\" target=\"_blank\">Zitatenpudding<\/a>)<\/p>\n\n\n\n<p>Von 1955 bis Anfang der &#8217;90er Jahre war Peter Podehl als Drehbuchautor und Regisseur f\u00fcr das Kinderfernsehen t\u00e4tig. Seine Filme und Fernsehserien sind noch heute in guter Erinnerung,  auch wenn kaum jemand seinen Namen kennt.<\/p>\n\n\n\n<p><\/p>\n\n\n\n<figure class=\"wp-block-image aligncenter size-full\"><img loading=\"lazy\" decoding=\"async\" width=\"862\" height=\"558\" src=\"https:\/\/webaid.it\/wp-content\/uploads\/2023\/01\/KameravsKamera_20140803_0029.jpg\" alt=\"\" class=\"wp-image-853\" srcset=\"https:\/\/webaid.it\/wp-content\/uploads\/2023\/01\/KameravsKamera_20140803_0029.jpg 862w, https:\/\/webaid.it\/wp-content\/uploads\/2023\/01\/KameravsKamera_20140803_0029-300x194.jpg 300w, https:\/\/webaid.it\/wp-content\/uploads\/2023\/01\/KameravsKamera_20140803_0029-768x497.jpg 768w\" sizes=\"auto, (max-width: 862px) 100vw, 862px\" \/><\/figure>\n\n\n\n<p><\/p>\n\n\n\n<p>Der Grundstein f\u00fcr diese Karriere war sicherlich &#8220;<a href=\"https:\/\/webaid.it\/?page_id=45\">Der kleine Muck<\/a>&#8220;, ein wundervoller Ausstattungsfilm, 1953 in Babelsberg in der DDR in voller Freiheit gedreht, wo Peter sich so richtig austoben konnte. Der phantasievolle Film ist gespickt mit Zaubereien,  \u00dcberraschungen und Wendungen. Wolfgang Staudte war ein ausgezeichneter Regisseur und Peters Lehrmeister, Peter Co-Autor und Regieassistent. Beide hatten ihre Freude an der Narrenfreiheit: Da gibt es eine Szene, in der in lauter Verwirrung ein Orientteppich aufgel\u00f6st wird wie ein Strickpullover. Den Einwand, Orientteppiche seien doch nicht gestrickt, tat Staudte beiseite; das mache nichts, der Gag sei gro\u00dfartig. Und so lacht denn heute noch Gro\u00df und Klein, wenn der Orientteppich&nbsp;abgeribbelt wird. Der kleine Muck war mein damals 11j\u00e4hriger Halbbruder Thomas, Charlotte breitete ihn auf jede Szene pr\u00e4zise vor.<\/p>\n\n\n\n<figure class=\"wp-block-image aligncenter size-large\"><img loading=\"lazy\" decoding=\"async\" width=\"1024\" height=\"759\" src=\"https:\/\/webaid.it\/wp-content\/uploads\/2022\/11\/M_1553-2-1024x759.jpg\" alt=\"\" class=\"wp-image-377\" srcset=\"https:\/\/webaid.it\/wp-content\/uploads\/2022\/11\/M_1553-2-1024x759.jpg 1024w, https:\/\/webaid.it\/wp-content\/uploads\/2022\/11\/M_1553-2-300x222.jpg 300w, https:\/\/webaid.it\/wp-content\/uploads\/2022\/11\/M_1553-2-768x569.jpg 768w, https:\/\/webaid.it\/wp-content\/uploads\/2022\/11\/M_1553-2.jpg 1280w\" sizes=\"auto, (max-width: 1024px) 100vw, 1024px\" \/><\/figure>\n\n\n\n<p><\/p>\n\n\n\n<p>Da der Film zu Recht zum Welterfolg wurde, wurde sofort ein neuer M\u00e4rchenfilm geplant, &#8220;Das tapfere Schneiderlein&#8221;, das Grimm&#8217;sche M\u00e4rchen vom schlauen kleinen Schneider, der gegen Fliegen, Riesen, Einh\u00f6rner und Wildschweine k\u00e4mpft und immer gewinnt. Peter schrieb das Exposee und wurde nach Pankow beordert. Das Wort Stasi war damals noch recht unbekannt. Dort wurde er zusammengestaucht:  Narrenfreiheit? Niemals \u2013 nein, das Volk muss erzogen werden! Das tapfere Schneiderlein ist Wilhelm Pieck! Der Mann aus dem Volk! Der nun nicht mehr die K\u00f6nigstochter heiratet, sondern deren Zofe. &#8211;  Aber dann trotzdem K\u00f6nig wird.<\/p>\n\n\n\n<p>Peter, der solches Theater nur zu gut kannte, kam nach Hause und sagte zu Charlotte: &#8220;Pack die Koffer, wir gehen. Das wird nichts, hier.&#8221;<\/p>\n\n\n\n<p>1955 zogen wir nach M\u00fcnchen, in die Aretinstra\u00dfe, kleines Haus, gro\u00dfer Garten, \u00fcberhaupt kein Geld. Noch ein beruflicher Neuanfang. &#8220;Der kleine Muck&#8221;  lief in der Bundesrepublik, wohl einziges Land auf der ganzen Welt, nicht in den Kinos, weil er von den B\u00f6sen da dr\u00fcben produziert worden war. In M\u00fcnchen wohnte auch Stefan Moses, seinerzeit Theaterfotograf am Nationaltheater in Weimar, wo Peter und Charlotte sich kennengelernt und die ersten 5 Nachkriegsjahre oft gemeinsam auf der B\u00fchne standen. Stefan sagte: \u201ePeter, h\u00f6r mal, ich habe eine 16mm-Kamera gekauft. Schreib mal was, wir drehen das dann.\u201c Und Peter schrieb: <\/p>\n\n\n\n<p><strong>\u201cEin Verm\u00f6gen zu verjubeln.\u201c <\/strong><\/p>\n\n\n\n<p>Hauptdarsteller? Asso, der pechschwarze Sch\u00e4ferhund unserer Nachbarn, unser gutm\u00fctiger Spielgef\u00e4hrte, den Thomas versorgen soll, solange Herrchen und Frauchen im Urlaub sind. <\/p>\n\n\n\n<figure class=\"wp-block-image alignleft size-large is-resized\"><img loading=\"lazy\" decoding=\"async\" width=\"1001\" height=\"1024\" src=\"https:\/\/webaid.it\/wp-content\/uploads\/2022\/11\/MucSWAsso-1001x1024.jpg\" alt=\"\" class=\"wp-image-82\" style=\"width:639px;height:652px\" srcset=\"https:\/\/webaid.it\/wp-content\/uploads\/2022\/11\/MucSWAsso-1001x1024.jpg 1001w, https:\/\/webaid.it\/wp-content\/uploads\/2022\/11\/MucSWAsso-293x300.jpg 293w, https:\/\/webaid.it\/wp-content\/uploads\/2022\/11\/MucSWAsso-768x786.jpg 768w, https:\/\/webaid.it\/wp-content\/uploads\/2022\/11\/MucSWAsso-1502x1536.jpg 1502w, https:\/\/webaid.it\/wp-content\/uploads\/2022\/11\/MucSWAsso-2002x2048.jpg 2002w\" sizes=\"auto, (max-width: 1001px) 100vw, 1001px\" \/><figcaption class=\"wp-element-caption\">Asso<\/figcaption><\/figure>\n\n\n\n<p><\/p>\n\n\n\n<p>Das tut er auch, hat er ja schon \u00f6fters mal echt getan. Dann kommen Frauchen und Herrchen wieder zur\u00fcck und geben ihm 2 Mark Belohnung. Thomas nimmt also Asso mit auf die Suche, wie er dieses Verm\u00f6gen verjubeln kann. Sie traben durch M\u00fcnchen, st\u00f6bern, schn\u00fcffeln, finden nichts richtiges und doch zuletzt eine Bude: \u201eRiesenbockwurst 1 Mark.\u201c Ein horrender Preis in den 50er Jahren. Thomas verschlingt die eine, Asso bekommt die andere. <\/p>\n\n\n\n<p>Nun war das Problem, dass der Film ja geschnitten werden musste. Peter lieh sich beim Bayrischen Rundfunk ein handbetriebenes Moviskop, das ich heute noch besitze. Ehm. Auch die Lampe funktioniert noch. <\/p>\n\n\n\n<figure class=\"wp-block-image size-large is-resized\"><img loading=\"lazy\" decoding=\"async\" width=\"1024\" height=\"683\" src=\"https:\/\/webaid.it\/wp-content\/uploads\/2023\/02\/Moviscop-1024x683.jpg\" alt=\"\" class=\"wp-image-1077\" style=\"width:670px;height:446px\" srcset=\"https:\/\/webaid.it\/wp-content\/uploads\/2023\/02\/Moviscop-1024x683.jpg 1024w, https:\/\/webaid.it\/wp-content\/uploads\/2023\/02\/Moviscop-300x200.jpg 300w, https:\/\/webaid.it\/wp-content\/uploads\/2023\/02\/Moviscop-768x512.jpg 768w, https:\/\/webaid.it\/wp-content\/uploads\/2023\/02\/Moviscop-1536x1024.jpg 1536w, https:\/\/webaid.it\/wp-content\/uploads\/2023\/02\/Moviscop-2048x1365.jpg 2048w\" sizes=\"auto, (max-width: 1024px) 100vw, 1024px\" \/><figcaption class=\"wp-element-caption\">Das Moviscop<\/figcaption><\/figure>\n\n\n\n<p><br>Ich wurde seine Assistentin und wir schnitten, kratzten, leimten, brachten alle Filmschnipsel durcheinander, ordneten sie wieder. Das g\u00f6ttlich Sch\u00f6ne an der Sache war Asso, der sich mit einem Hechtsprung in h\u00f6chste H\u00f6hen die Riesenbockwurst, die Thomas ihm zugeworfen hatte,  schnappte und verschlang, denn wenn man die Kurbel auf er anderen Seite bet\u00e4tigte, dann sprang der Hund wieder hoch und spuckte die Bockwurst wieder aus.  Sprung, Wurst rein, runter &#8211; Sprung, Wurst raus, runter. Unz\u00e4hlige Male. Auch in Zeitlupe.<\/p>\n\n\n\n<p>Um diesen Film zu verkaufen, klapperte Peter die einzelnen Fernsehsender ab, und in K\u00f6ln gab es eine Frau Schmidts-Bunse, die interessiert war. Und so lief die Verm\u00f6gensverjubelei im Fernsehen. Wir hatten aber gar keinen Fernsehapparat, gingen also zu den Nachbarn.<\/p>\n\n\n\n<p><\/p>\n\n\n\n<figure class=\"wp-block-image alignleft size-full is-resized is-style-default\"><img loading=\"lazy\" decoding=\"async\" width=\"225\" height=\"225\" src=\"https:\/\/webaid.it\/wp-content\/uploads\/2022\/11\/image-1.png\" alt=\"\" class=\"wp-image-76\" style=\"width:595px;height:595px\" srcset=\"https:\/\/webaid.it\/wp-content\/uploads\/2022\/11\/image-1.png 225w, https:\/\/webaid.it\/wp-content\/uploads\/2022\/11\/image-1-150x150.png 150w\" sizes=\"auto, (max-width: 225px) 100vw, 225px\" \/><figcaption class=\"wp-element-caption\">Kommentarlos <br>Dieter M\u00f6bius, der Kameramann Rainer Walzel und Charlotte<\/figcaption><\/figure>\n\n\n\n<p><\/p>\n\n\n\n<p>Das war der Ansto\u00df zu einer ganzen Reihe von Filmen, immer wir Kinder, auch mit den Nachbarskindern, den Asso-Besitzern, Marianne und Georg, alle in den Ferien zu Ostern, zu Pfingsten, im Sommer auf der Stra\u00dfe gedreht: <\/p>\n\n\n\n<p><\/p>\n\n\n\n<p>\u201e<strong>Ferien im Zoo<\/strong>\u201c<\/p>\n\n\n\n<p>Thomas geht in den Ferien als Volont\u00e4r im Zoo arbeiten und versorgt die Tiere. Der M\u00fcnchner Tierpark Hellabrunn war keine Hundert Meter von unserem Haus in der Arteinstra\u00dfe entfernt, daher kam die Idee. Widersinnigerweise wurde der Film aber dann in Wuppertal gedreht. <\/p>\n\n\n\n<figure class=\"wp-block-image aligncenter size-large\"><img loading=\"lazy\" decoding=\"async\" width=\"1024\" height=\"732\" src=\"https:\/\/webaid.it\/wp-content\/uploads\/2022\/11\/FerineZoo01_1_NEW-1024x732.jpg\" alt=\"\" class=\"wp-image-90\" srcset=\"https:\/\/webaid.it\/wp-content\/uploads\/2022\/11\/FerineZoo01_1_NEW-1024x732.jpg 1024w, https:\/\/webaid.it\/wp-content\/uploads\/2022\/11\/FerineZoo01_1_NEW-300x214.jpg 300w, https:\/\/webaid.it\/wp-content\/uploads\/2022\/11\/FerineZoo01_1_NEW-768x549.jpg 768w, https:\/\/webaid.it\/wp-content\/uploads\/2022\/11\/FerineZoo01_1_NEW-1536x1097.jpg 1536w, https:\/\/webaid.it\/wp-content\/uploads\/2022\/11\/FerineZoo01_1_NEW-2048x1463.jpg 2048w\" sizes=\"auto, (max-width: 1024px) 100vw, 1024px\" \/><figcaption class=\"wp-element-caption\">Backstage &#8220;Ferien im Zoo&#8221; &#8211; Peter Podehl und der Kameramann Albert Ammer<\/figcaption><\/figure>\n\n\n\n<p><\/p>\n\n\n\n<p>\u201e<strong>Die Kindersinfonie<\/strong>\u201c, <\/p>\n\n\n\n<p>die Thomas im Schulorchester dirigiert, mit Trommeln, Ratschen und Kuckucksrufen. Aber vorher gehen wir beide, Thomas und Claudia, mit dem Moped auf Spurensuche und gelangen ins Kloster Melk und zuletzt bis an die ungarische Grenze (das war damals Eiserner Vorhang). Um herauszufinden, ob der Komponist nun Mozart war, oder Haydn.<\/p>\n\n\n\n<p><\/p>\n\n\n\n<figure class=\"wp-block-image alignleft size-large is-resized\"><img loading=\"lazy\" decoding=\"async\" width=\"1015\" height=\"1024\" src=\"https:\/\/webaid.it\/wp-content\/uploads\/2022\/11\/Kindersymphonie_02-1015x1024.jpg\" alt=\"\" class=\"wp-image-151\" style=\"width:298px;height:300px\" srcset=\"https:\/\/webaid.it\/wp-content\/uploads\/2022\/11\/Kindersymphonie_02-1015x1024.jpg 1015w, https:\/\/webaid.it\/wp-content\/uploads\/2022\/11\/Kindersymphonie_02-298x300.jpg 298w, https:\/\/webaid.it\/wp-content\/uploads\/2022\/11\/Kindersymphonie_02-150x150.jpg 150w, https:\/\/webaid.it\/wp-content\/uploads\/2022\/11\/Kindersymphonie_02-768x774.jpg 768w, https:\/\/webaid.it\/wp-content\/uploads\/2022\/11\/Kindersymphonie_02-1523x1536.jpg 1523w, https:\/\/webaid.it\/wp-content\/uploads\/2022\/11\/Kindersymphonie_02-2031x2048.jpg 2031w\" sizes=\"auto, (max-width: 1015px) 100vw, 1015px\" \/><figcaption class=\"wp-element-caption\">Im Kloster Melk <\/figcaption><\/figure>\n\n\n\n<figure class=\"wp-block-image alignright size-large is-resized\"><img loading=\"lazy\" decoding=\"async\" width=\"1024\" height=\"1015\" src=\"https:\/\/webaid.it\/wp-content\/uploads\/2022\/11\/Kindersymphonie_03-1024x1015.jpg\" alt=\"\" class=\"wp-image-145\" style=\"width:291px;height:289px\" srcset=\"https:\/\/webaid.it\/wp-content\/uploads\/2022\/11\/Kindersymphonie_03-1024x1015.jpg 1024w, https:\/\/webaid.it\/wp-content\/uploads\/2022\/11\/Kindersymphonie_03-300x297.jpg 300w, https:\/\/webaid.it\/wp-content\/uploads\/2022\/11\/Kindersymphonie_03-150x150.jpg 150w, https:\/\/webaid.it\/wp-content\/uploads\/2022\/11\/Kindersymphonie_03-768x762.jpg 768w, https:\/\/webaid.it\/wp-content\/uploads\/2022\/11\/Kindersymphonie_03-1536x1523.jpg 1536w, https:\/\/webaid.it\/wp-content\/uploads\/2022\/11\/Kindersymphonie_03-2048x2031.jpg 2048w\" sizes=\"auto, (max-width: 1024px) 100vw, 1024px\" \/><figcaption class=\"wp-element-caption\">Thomas und Claudia am eisernen Vorhang &#8211; Das Dia ist etwas vergilbt<\/figcaption><\/figure>\n\n\n<h3><strong>&#8220;Eine Stadt zieht den Wintermantel an&#8221;<\/strong><\/h3>\n<p>Da lief ich durch M\u00fcnchen und sah zu, wie die Stadt auf den kommenden kalten Winter vorbereitet wurde, z.B. wie der Wittelsbacher Brunnen mit Holzbrettern verschalt wurde.<\/p>\n\n\n<p><\/p>\n\n\n\n<figure class=\"wp-block-image aligncenter size-large\"><img loading=\"lazy\" decoding=\"async\" width=\"1024\" height=\"661\" src=\"https:\/\/webaid.it\/wp-content\/uploads\/2022\/11\/IMG_20140820_0021-1024x661.jpg\" alt=\"\" class=\"wp-image-83\" srcset=\"https:\/\/webaid.it\/wp-content\/uploads\/2022\/11\/IMG_20140820_0021-1024x661.jpg 1024w, https:\/\/webaid.it\/wp-content\/uploads\/2022\/11\/IMG_20140820_0021-300x194.jpg 300w, https:\/\/webaid.it\/wp-content\/uploads\/2022\/11\/IMG_20140820_0021-768x496.jpg 768w, https:\/\/webaid.it\/wp-content\/uploads\/2022\/11\/IMG_20140820_0021-1536x992.jpg 1536w, https:\/\/webaid.it\/wp-content\/uploads\/2022\/11\/IMG_20140820_0021.jpg 1716w\" sizes=\"auto, (max-width: 1024px) 100vw, 1024px\" \/><figcaption class=\"wp-element-caption\">Claudia in &#8220;Eine Stadt zieht den Wintermantel an&#8221;<\/figcaption><\/figure>\n\n\n\n<p><\/p>\n\n\n\n<p>&#8220;<strong>Die schlafende Micky Mau<\/strong>s&#8221;<\/p>\n\n\n\n<p>Claudia und Stephan Podehl (Stephan war mein Onkel), die einem Micky-Maus-Club angeh\u00f6ren, kommen einem Betr\u00fcger auf die Spur, der arme alte Leute um ihre Rente bringt. Nat\u00fcrlich bringen sie es zuletzt soweit, dass er Handschellen anbekommt.<\/p>\n\n\n\n<p><\/p>\n\n\n\n<figure class=\"wp-block-image alignleft size-large is-resized\"><img loading=\"lazy\" decoding=\"async\" width=\"1024\" height=\"1024\" src=\"https:\/\/webaid.it\/wp-content\/uploads\/2022\/11\/IMG_20140803_0039-1024x1024.jpg\" alt=\"\" class=\"wp-image-134\" style=\"width:308px;height:308px\" srcset=\"https:\/\/webaid.it\/wp-content\/uploads\/2022\/11\/IMG_20140803_0039-1024x1024.jpg 1024w, https:\/\/webaid.it\/wp-content\/uploads\/2022\/11\/IMG_20140803_0039-300x300.jpg 300w, https:\/\/webaid.it\/wp-content\/uploads\/2022\/11\/IMG_20140803_0039-150x150.jpg 150w, https:\/\/webaid.it\/wp-content\/uploads\/2022\/11\/IMG_20140803_0039-768x768.jpg 768w, https:\/\/webaid.it\/wp-content\/uploads\/2022\/11\/IMG_20140803_0039.jpg 1324w\" sizes=\"auto, (max-width: 1024px) 100vw, 1024px\" \/><figcaption class=\"wp-element-caption\">Claudia und Stephan Podehl<\/figcaption><\/figure>\n\n\n\n<figure class=\"wp-block-image alignright size-large is-resized\"><img loading=\"lazy\" decoding=\"async\" width=\"1013\" height=\"1024\" src=\"https:\/\/webaid.it\/wp-content\/uploads\/2022\/11\/IMG_20140803_0033-1013x1024.jpg\" alt=\"\" class=\"wp-image-133\" style=\"width:256px;height:259px\" srcset=\"https:\/\/webaid.it\/wp-content\/uploads\/2022\/11\/IMG_20140803_0033-1013x1024.jpg 1013w, https:\/\/webaid.it\/wp-content\/uploads\/2022\/11\/IMG_20140803_0033-297x300.jpg 297w, https:\/\/webaid.it\/wp-content\/uploads\/2022\/11\/IMG_20140803_0033-768x776.jpg 768w, https:\/\/webaid.it\/wp-content\/uploads\/2022\/11\/IMG_20140803_0033.jpg 1328w\" sizes=\"auto, (max-width: 1013px) 100vw, 1013px\" \/><figcaption class=\"wp-element-caption\">Claudia will vom Betr\u00fcger nicht erkannt werden<\/figcaption><\/figure>\n\n\n\n<p><\/p>\n\n\n\n<p class=\"has-text-align-left\">&#8220;<strong>Die botanische Romanze<\/strong>&#8220;<\/p>\n\n\n\n<p>Zwei Schulklassen besuchen den Botanischen Garten in M\u00fcnchen. Ein Junge aus einer Klasse und ein M\u00e4dchen aus der anderen geben je einen Geigenkasten an der Garderobe ab. Bei der Abholung werden die K\u00e4sten vertauscht. <\/p>\n\n\n\n<p><\/p>\n\n\n\n<figure class=\"wp-block-image aligncenter size-large\"><img loading=\"lazy\" decoding=\"async\" width=\"1000\" height=\"1024\" src=\"https:\/\/webaid.it\/wp-content\/uploads\/2022\/11\/IMG_20140811_0068-1000x1024.jpg\" alt=\"\" class=\"wp-image-162\" srcset=\"https:\/\/webaid.it\/wp-content\/uploads\/2022\/11\/IMG_20140811_0068-1000x1024.jpg 1000w, https:\/\/webaid.it\/wp-content\/uploads\/2022\/11\/IMG_20140811_0068-293x300.jpg 293w, https:\/\/webaid.it\/wp-content\/uploads\/2022\/11\/IMG_20140811_0068-768x787.jpg 768w, https:\/\/webaid.it\/wp-content\/uploads\/2022\/11\/IMG_20140811_0068.jpg 1312w\" sizes=\"auto, (max-width: 1000px) 100vw, 1000px\" \/><figcaption class=\"wp-element-caption\">Charlotte &#8211; Claudia Bortfeld und Thomas Schmidt m\u00fcssen Text lernen<\/figcaption><\/figure>\n\n\n\n<p><\/p>\n\n\n\n<p>\u201e<strong>Die Triole auf den zwei Achteln<\/strong>\u201c <\/p>\n\n\n\n<p>Da spielt Thomas Klavier in einem Mietshaus. Sonntag Morgen, Sommer, die Fenster sind offen. <\/p>\n\n\n\n<p>Eine Puppenmutti n\u00e4ht einen Knopf ans Puppenkleid. Eine sehr unternehmungslustige Dame b\u00fcgelt ein himmelblaues Seidenkleid, denn am Abend will sie toll ausgehen. Und ein total verschlafener Mann, der bereits am Abend zuvor ausgegangen war, geht g\u00e4hnend ins Bad. <\/p>\n\n\n\n<p>Puppenmutti war ich, die unternehmungslustige Dame&nbsp;Charlotte, der Verschlafene Peter, im Schlafanzug, was er sein Leben lang niemals getragen hat.<\/p>\n\n\n\n<div class=\"wp-block-group has-global-padding is-layout-constrained wp-block-group-is-layout-constrained\">\n<figure class=\"wp-block-image alignright size-full is-resized\"><img loading=\"lazy\" decoding=\"async\" width=\"180\" height=\"270\" src=\"https:\/\/webaid.it\/wp-content\/uploads\/2022\/11\/image-2.png\" alt=\"\" class=\"wp-image-118\" style=\"width:275px;height:411px\"\/><figcaption class=\"wp-element-caption\">Thomas spielt eine Triole auf 2 Achteln<\/figcaption><\/figure>\n<\/div>\n\n\n\n<p>Thomas spielt also, und dann kommt die Stelle mit der Triole auf den zwei Achteln. Das geht nat\u00fcrlich schief, er&nbsp;bringt Finger, Tasten, T\u00f6ne, Melodie und Rhythmus v\u00f6llig durcheinander und kommt \u00fcberhaupt nicht mehr raus. Das stiftet Verwirrung im ganzen Haus. Die Puppenmutti sticht sich beim N\u00e4hen in den Finger, Blut rinnt, die unternehmungslustige Dame hat am Telefon geantwortet und das B\u00fcgeleisen auf dem Kleid stehen&nbsp;gelassen, O weh!, der Verschlafene dreht die Dusche auf, die ihm eiskaltes Wasser ins Gesicht spritzt. <\/p>\n\n\n\n<p>Ich wei\u00df nicht, wer sonst noch mitgemacht hat. Jedenfalls \u00fcbt Thomas verbissen die Triole rechts, und die zwei Achtel links, und endlich schafft er es. Nun kehrt wieder Entspannung ein.<\/p>\n\n\n\n<figure class=\"wp-block-image alignleft size-large is-resized\"><img loading=\"lazy\" decoding=\"async\" width=\"710\" height=\"1024\" src=\"https:\/\/webaid.it\/wp-content\/uploads\/2022\/11\/IMG_20140729_0004_NEW_NEW-710x1024.jpg\" alt=\"\" class=\"wp-image-84\" style=\"width:294px;height:423px\" srcset=\"https:\/\/webaid.it\/wp-content\/uploads\/2022\/11\/IMG_20140729_0004_NEW_NEW-710x1024.jpg 710w, https:\/\/webaid.it\/wp-content\/uploads\/2022\/11\/IMG_20140729_0004_NEW_NEW-208x300.jpg 208w, https:\/\/webaid.it\/wp-content\/uploads\/2022\/11\/IMG_20140729_0004_NEW_NEW-768x1108.jpg 768w, https:\/\/webaid.it\/wp-content\/uploads\/2022\/11\/IMG_20140729_0004_NEW_NEW-1065x1536.jpg 1065w, https:\/\/webaid.it\/wp-content\/uploads\/2022\/11\/IMG_20140729_0004_NEW_NEW-1420x2048.jpg 1420w, https:\/\/webaid.it\/wp-content\/uploads\/2022\/11\/IMG_20140729_0004_NEW_NEW-scaled.jpg 1775w\" sizes=\"auto, (max-width: 710px) 100vw, 710px\" \/><\/figure>\n\n\n\n<figure class=\"wp-block-image size-large is-resized\"><img loading=\"lazy\" decoding=\"async\" width=\"722\" height=\"1024\" src=\"https:\/\/webaid.it\/wp-content\/uploads\/2022\/11\/IMG_20140729_0002_1_NEW-722x1024.jpg\" alt=\"\" class=\"wp-image-94\" style=\"width:296px;height:420px\" srcset=\"https:\/\/webaid.it\/wp-content\/uploads\/2022\/11\/IMG_20140729_0002_1_NEW-722x1024.jpg 722w, https:\/\/webaid.it\/wp-content\/uploads\/2022\/11\/IMG_20140729_0002_1_NEW-212x300.jpg 212w, https:\/\/webaid.it\/wp-content\/uploads\/2022\/11\/IMG_20140729_0002_1_NEW-768x1089.jpg 768w, https:\/\/webaid.it\/wp-content\/uploads\/2022\/11\/IMG_20140729_0002_1_NEW-1083x1536.jpg 1083w, https:\/\/webaid.it\/wp-content\/uploads\/2022\/11\/IMG_20140729_0002_1_NEW-1444x2048.jpg 1444w, https:\/\/webaid.it\/wp-content\/uploads\/2022\/11\/IMG_20140729_0002_1_NEW-scaled.jpg 1805w\" sizes=\"auto, (max-width: 722px) 100vw, 722px\" \/><\/figure>\n\n\n\n<p><\/p>\n\n\n\n<p><\/p>\n\n\n\n<p>Die Puppenmutti hat einen gro\u00dfen Verband um den zerstochenen Finger gewickelt, die unternehmungslustige Dame setzt eine fesche Rose auf die verbrannte Stelle, der \u2013 nun nicht mehr verschlafene &#8211; Mann trocknet sich ab. Thomas spielt das ganze St\u00fcck noch einmal, an der schicksalsschweren Stelle halten alle kurz den Atem an, aber er spielt\u2018s mit Nonchalance. Der Sonntag ist gerettet.<\/p>\n\n\n\n<p>Viele dieser Geschichten entstanden bei Tisch, wir machten alle mit, Ideen kamen, fanden wir toll, verwarfen sie wieder, alles mit viel Gel\u00e4chter. Ausgangspunkt war meist irgendein m\u00f6glichst schr\u00e4ger Titel, um den dann die Geschichte gesponnen wurde. &#8211; Eine Liste mit den unz\u00e4hligen Titeln aus Peters Berufsleben gibt es <a href=\"https:\/\/www.youtube.com\/watch?v=SmWBWosaIYo&amp;t=18s\">hier<\/a>. &#8211; Einmal fuhren wir zu Ostern mit einem VW-K\u00e4fer samt Bettzeug nach Italien, La Mortola in Ligurien. Auf der f\u00fcr Thomas und mich auf dem Hintersitz sehr engen langen Reise (das Bettzeug f\u00fcr 4 Personen lagerte zwischen uns beiden)&nbsp;erfanden wir die sonderbarsten Streiche von <a rel=\"noreferrer noopener\" href=\"https:\/\/www.youtube.com\/watch?v=JuwdkyVpboQ&amp;t=8s\" data-type=\"URL\" data-id=\"https:\/\/www.youtube.com\/watch?v=JuwdkyVpboQ&amp;t=8s\" target=\"_blank\">Jakopp und Elisabett<\/a>.<\/p>\n\n\n\n<p>Ich wurde auf&nbsp; Kindergeburtstage eingeladen, und organisierte selbst welche. Der gro\u00dfe Schlager auf jedem Geburtstag war wie folgt: Man bekam einen Bleistift und ein St\u00fcck Papier, auf das man einen Namen schrieb, dann faltete man das Papier so, dass der Name nicht mehr lesbar war und schob es dem rechten Nachbarn zu und bekam nat\u00fcrlich selbst eins vom linken. Man schrieb nun ein \u201eTun-Wort\u201c, also ein Verb, faltete das Papier weiter und gab es wieder nach rechts weiter. Danach kam das \u201eWie\u201c der\/diejenige das tat, und zuletzt \u201eWo\u201c. Dann wickelte man das Papier wieder auf und las den Satz, der so entstanden war, laut vor. Riesengel\u00e4chter war die Folge. Ich erinnere mich heute noch an: \u201eGeorg rennt monds\u00fcchtig im Strohhalm\u201c.<\/p>\n\n\n\n<p>Diese Szene wurde nat\u00fcrlich in der \u201e<strong>Geschichte eines Bleistifts<\/strong>\u201c verbraten. Was der Bleistift vorher und nachher noch f\u00fcr Abenteuer erlebte, wei\u00df ich nicht mehr. Aber die Mutter sch\u00fcttelt nach dem lebhaften Kindergeburtstag die Tischdecke aus dem Fenster und der Bleistift fliegt direkt in die Hand eines verr\u00fcckten Dichters, der justament in diesem Moment unter dem Fenster lang kommt. Auch die&nbsp; Szene des fliegenden Bleistifts habe ich immer wieder hin und her gedreht. Der verr\u00fcckt t\u00e4nzelnde Dichter war <a href=\"https:\/\/de.wikipedia.org\/wiki\/Werner_Uschkurat\" target=\"_blank\" rel=\"noreferrer noopener\">Werner Uschkurat<\/a>. Im Film dichtete er folgenderma\u00dfen:<\/p>\n\n\n\n<p class=\"has-text-align-center\">Ein Molek\u00fcl<br>Ging im Gew\u00fchl<br>Auf und ab.<br>Indes ein Atom<br>Vom Element Brom<br>Lichtzeichen gab.<\/p>\n\n\n\n<p class=\"has-text-align-right\">\u00a9  Claudia Podehl 20.11.2022 <\/p>\n\n\n\n<p><\/p>\n","protected":false},"excerpt":{"rendered":"<p>* Warum denn Kinderfernsehen? italiano|&nbsp; Schauspieler sind Menschen, die rechtzeitig ein St\u00fcck Kindheit in die Tasche gesteckt haben und ein Leben lang davon zehren. (Max Reinhardt \u2013 aus dem Zitatenpudding) Von 1955 bis Anfang der &#8217;90er Jahre war Peter Podehl als Drehbuchautor und Regisseur f\u00fcr das Kinderfernsehen t\u00e4tig. Seine Filme und Fernsehserien sind noch heute [&hellip;]<\/p>\n","protected":false},"author":1,"featured_media":853,"parent":25,"menu_order":1,"comment_status":"closed","ping_status":"closed","template":"","meta":{"footnotes":""},"class_list":["post-63","page","type-page","status-publish","has-post-thumbnail","hentry"],"_links":{"self":[{"href":"https:\/\/webaid.it\/index.php?rest_route=\/wp\/v2\/pages\/63","targetHints":{"allow":["GET"]}}],"collection":[{"href":"https:\/\/webaid.it\/index.php?rest_route=\/wp\/v2\/pages"}],"about":[{"href":"https:\/\/webaid.it\/index.php?rest_route=\/wp\/v2\/types\/page"}],"author":[{"embeddable":true,"href":"https:\/\/webaid.it\/index.php?rest_route=\/wp\/v2\/users\/1"}],"replies":[{"embeddable":true,"href":"https:\/\/webaid.it\/index.php?rest_route=%2Fwp%2Fv2%2Fcomments&post=63"}],"version-history":[{"count":134,"href":"https:\/\/webaid.it\/index.php?rest_route=\/wp\/v2\/pages\/63\/revisions"}],"predecessor-version":[{"id":4445,"href":"https:\/\/webaid.it\/index.php?rest_route=\/wp\/v2\/pages\/63\/revisions\/4445"}],"up":[{"embeddable":true,"href":"https:\/\/webaid.it\/index.php?rest_route=\/wp\/v2\/pages\/25"}],"wp:featuredmedia":[{"embeddable":true,"href":"https:\/\/webaid.it\/index.php?rest_route=\/wp\/v2\/media\/853"}],"wp:attachment":[{"href":"https:\/\/webaid.it\/index.php?rest_route=%2Fwp%2Fv2%2Fmedia&parent=63"}],"curies":[{"name":"wp","href":"https:\/\/api.w.org\/{rel}","templated":true}]}}