{"id":866,"date":"2023-01-14T15:23:39","date_gmt":"2023-01-14T15:23:39","guid":{"rendered":"https:\/\/peterpodehl.com\/?page_id=866"},"modified":"2023-01-14T18:44:16","modified_gmt":"2023-01-14T18:44:16","slug":"filmdaten","status":"publish","type":"page","link":"https:\/\/webaid.it\/?page_id=866","title":{"rendered":"Filmdaten"},"content":{"rendered":"\n<p class=\"has-text-align-right\">\u00a9 C.P.<\/p>\n\n\n\n<p><strong>Die H\u00f6hlenkinder<\/strong><\/p>\n\n\n\n<p>nach dem gleichnamigen Buch von A.Th.Sonnleitner<\/p>\n\n\n\n<p>Kinderfernsehserie in 12 Folgen 1962, wobei allerdings bisher immer nur eine zusammengeschnittene Version der ersten vier zu zwei etwas l\u00e4ngeren Folgen &#8211; also insgesamt 10 Folgen &#8211; ausgestrahlt wurde<\/p>\n\n\n\n<p>Eva: Claudia Podehl<br>Peter: G\u00f6tz Burger<br>Gro\u00dfvater: Erik Jelde<br>Partisanenf\u00fchrer: Gernot Duda<br>Feldwebel: Peter Brand<br>Der Soldat: K.E.Ludwig<br>Max: Walter Feuchtenberg<\/p>\n\n\n\n<p>Kamera: Reiner Walzel<br>Bauten: <a href=\"https:\/\/www.webaid.it\/tagebuch\/erinnerungen\/jorg-wisbeck\/\">J\u00f6rg Wisbeck<\/a><br>Ton: Karl Heinz Frank<br>Schnitt: Irmgard Rohr<\/p>\n\n\n\n<p>Drehbuch: Peter Podehl und Ulrich Schonger<br>Regie: Peter Podehl<\/p>\n\n\n\n<p>Produktion Schongerfilm<br>Im Auftrag des WDR<\/p>\n\n\n\n<p><strong>Episodentitel und Sendedaten 1962\/63  +  1980<\/strong><br>                  Intro von Peter Podehl &#8211; nur 1980<br>Die Soldaten (36:55)  &#8211;  5.11.62  +  29.7.1980&nbsp; <br>Die H\u00fctte (21:01)  &#8211;  19.11.1962  +  31.7.1980&nbsp; <br>Das Boot (44:23)  &#8211;  4.12.1962  +  5.8.1980&nbsp; <br>Der heimliche Grund  &#8211;  9.12.1962  +  7.8.1980<br>Die H\u00f6hle (24:20)  &#8211;  16.12.1962  +  12.8.1980<br>Die J\u00e4ger (27:11)  &#8211;  23.12.1962  +  14.8.1980<br>Die Stimme (23:48)  &#8211;  30.12.1962  +  21.8.1980<br>Das Feuer (26:32)  &#8211;  6.1.1963<br>Der Fremde  &#8211;  13.1.1963  +  28.8.1980<br>Der Abschied (25:31)  &#8211;  20.1.1963  +  11.9.1980<\/p>\n\n\n\n<p>3 Responses to \u201cFilmdaten\u201d<\/p>\n\n\n\n<p><strong>Hildegard<\/strong> scrive:<br><a href=\"https:\/\/www.webaid.it\/kinderfernsehen\/die-hohlenkinder\/filmdaten\/#comment-487\">20\/07\/2011 alle 00:54<\/a>&nbsp;&nbsp;<br>Sehr geehrte Frau Podehl,<br>meine Tochter (Jg. 1976) machte mich (Jg. 1947) vor kurzem darauf aufmerksam, dass es eine DVD mit den Folgen der \u201cH\u00f6hlenkinder\u201d geben w\u00fcrde.<br>Wir beide hatten die Serie bei der zweiten Ausstrahlung im deutschen Fernsehen gesehen und immer auf eine Wiederholung gehofft.<br>Inzwischen habe ich die DVD bei Amazon gekauft und schaue nun jeden Abend mit meinem Mann (Jg. 1945), der die Serie nicht kannte, eine Folge \u201cH\u00f6hlenkinder\u201d!<br>Und wir zwei \u201calten\u201d Leute haben eine solche Freude daran\u2026<br>Wenn wir fertig sind, bekommt meine Tochter die DVD; dann mein Sohn, der erst 1984 geboren wurde und die Serie nur aus unseren Erz\u00e4hlungen kennt.<br>Meine Enkelkinder Karolina (geb. 2008) und Antonia (geb. 2009) sind noch zu klein, aber ich hoffe, dass sie auch eines Tages gebannt vor dem Bildschirm sitzen werden.<br>F\u00fcr mich war so faszinierend, wie in der Spielhandlung \u201cverpackt\u201d war, welche Kulturtechniken man kennen muss, um unter einfachsten Bedingungen \u00fcberleben zu k\u00f6nnen.<br>Und wie unsinnig es ist, dass sich die Menschen immer wieder \u201cbekriegen\u201d und viele unschuldig zwischen die Fronten geraten.<br>Dazu muss man aber als Erwachsener den Film mit Kindern zusammen schauen, um sie auf vieles aufmerksam zu machen.<br>Es ist sch\u00f6n, dass es nun diesen Film (aus allen Serien-Folgen) dauerhaft gibt.<br>K\u00f6nnen Sie mir bitte noch eine Frage beantworten: Wo wurden die Au\u00dfenaufnahmen gedreht? K\u00f6nnte es in K\u00e4rnten gewesen sein?<br>Mit freundlichen Gr\u00fc\u00dfen<\/p>\n\n\n\n<p><strong>Claudia Podehl<\/strong> antwortet:<br><a href=\"https:\/\/www.webaid.it\/kinderfernsehen\/die-hohlenkinder\/filmdaten\/#comment-488\">20\/07\/2011 alle 16:29<\/a>&nbsp;<br>Hauptdrehpl\u00e4tze waren, wie ich auf der Hauptseite der H\u00f6hlenkinder bereits kurz dargelegt habe, die Eng in \u00d6sterreich (Hinterri\u00df, Ahornboden) und Innig am Ammersee, wo das Schongerstudio mit der H\u00f6hle war. Auch die auf der Hauptseite ver\u00f6ffentlichten Fotos habe ich mit weiteren Erkl\u00e4rungen ausgestattet.<br>Viel Freude beim weiteren H\u00f6hlenkinder-Gucken w\u00fcnscht Ihnen<br>Claudia Podehl <\/p>\n\n\n\n<p><strong>Hildegard<\/strong> antwortet:<br><a href=\"https:\/\/www.webaid.it\/kinderfernsehen\/die-hohlenkinder\/filmdaten\/#comment-489\">24\/07\/2011 alle 00:02<\/a>&nbsp;<br>\u2026ich bedanke mich recht herzlich f\u00fcr die schnelle und nette Antwort!<br><\/p>\n","protected":false},"excerpt":{"rendered":"<p>\u00a9 C.P. Die H\u00f6hlenkinder nach dem gleichnamigen Buch von A.Th.Sonnleitner Kinderfernsehserie in 12 Folgen 1962, wobei allerdings bisher immer nur eine zusammengeschnittene Version der ersten vier zu zwei etwas l\u00e4ngeren Folgen &#8211; also insgesamt 10 Folgen &#8211; ausgestrahlt wurde Eva: Claudia PodehlPeter: G\u00f6tz BurgerGro\u00dfvater: Erik JeldePartisanenf\u00fchrer: Gernot DudaFeldwebel: Peter BrandDer Soldat: K.E.LudwigMax: Walter Feuchtenberg Kamera: [&hellip;]<\/p>\n","protected":false},"author":1,"featured_media":0,"parent":243,"menu_order":3,"comment_status":"closed","ping_status":"closed","template":"","meta":{"footnotes":""},"class_list":["post-866","page","type-page","status-publish","hentry"],"_links":{"self":[{"href":"https:\/\/webaid.it\/index.php?rest_route=\/wp\/v2\/pages\/866","targetHints":{"allow":["GET"]}}],"collection":[{"href":"https:\/\/webaid.it\/index.php?rest_route=\/wp\/v2\/pages"}],"about":[{"href":"https:\/\/webaid.it\/index.php?rest_route=\/wp\/v2\/types\/page"}],"author":[{"embeddable":true,"href":"https:\/\/webaid.it\/index.php?rest_route=\/wp\/v2\/users\/1"}],"replies":[{"embeddable":true,"href":"https:\/\/webaid.it\/index.php?rest_route=%2Fwp%2Fv2%2Fcomments&post=866"}],"version-history":[{"count":12,"href":"https:\/\/webaid.it\/index.php?rest_route=\/wp\/v2\/pages\/866\/revisions"}],"predecessor-version":[{"id":884,"href":"https:\/\/webaid.it\/index.php?rest_route=\/wp\/v2\/pages\/866\/revisions\/884"}],"up":[{"embeddable":true,"href":"https:\/\/webaid.it\/index.php?rest_route=\/wp\/v2\/pages\/243"}],"wp:attachment":[{"href":"https:\/\/webaid.it\/index.php?rest_route=%2Fwp%2Fv2%2Fmedia&parent=866"}],"curies":[{"name":"wp","href":"https:\/\/api.w.org\/{rel}","templated":true}]}}